 0. What are the prime factors of p?
2, 107
List the prime factors of 26299/11 - 4/(-22).
3, 797
Let h be 9*(2 - (-7)/(-3)). Let g be 2 - (2 + (-203 - h)). Suppose -4*b + 5*r + 160 = 0, -5*b + 4*r = -0*b - g. List the prime factors of b.
2, 5
Let d(s) = 26*s**2 - 13*s + 1. List the prime factors of d(4).
5, 73
Suppose -2489 - 2651 = -10*i. What are the prime factors of i?
2, 257
Let f(h) = -h**2 - h + 1. Let g(d) = 117*d**2 + d - 5. Let v(w) = 4*f(w) + g(w). What are the prime factors of v(-1)?
5, 23
Let g(h) = -340*h**3 - h**2 + 2*h + 2. List the prime factors of g(-1).
3, 113
Let a(g) = -g**3 - 17*g**2 - 15. Let p be a(-17). List the prime factors of (-3488)/(-20) + -2 + 6/p.
2, 43
Suppose 0 = -3*f + 5*o + 634, 3*f + 135 = 4*o + 764. Let a = f - 52. What are the prime factors of a?
151
Let s(h) be the first derivative of -h**4/4 - 19*h**3/3 - 4*h**2 - 13*h - 4. What are the prime factors of s(-19)?
139
Suppose n - 3*w - 1113 = 0, -4*w + 119 - 4611 = -4*n. What are the prime factors of n?
2, 3, 47
Let i(w) = 2*w**3 - 6*w**2 + 7*w - 41. List the prime factors of i(7).
2, 5
Suppose 0 = -5*l - 3*w + 20, -2*l = w + 2*w + 1. Let o(n) = 1 - l*n - n**2 + 2*n**2 - 4*n**2 + 2*n**2. List the prime factors of o(-4).
13
Let q be (1/(-3))/((129/36)/(-43)). Let g be 0 + 0 + (1 - 1). Suppose v = -s + 57, -q*s + g*v + 223 = -v. List the prime factors of s.
2, 7
Suppose 4*u - 5*z = -59, 3*u + 76 = z + 29. Let v = u - -9. Let x = 1 - v. What are the prime factors of x?
2
Suppose -42*i + 41*i = -139. List the prime factors of 3*(i/3 - 5).
2, 31
Let x(s) = 3*s**2 + 16*s + 11. List the prime factors of x(-14).
3, 5
Suppose s - 2 = 1. Let x = 23 - 18. Suppose 0 = s*d - 4*d + 3*g + 2, -x = -5*g. What are the prime factors of d?
5
List the prime factors of (-61 + -2)*(2086/(-42) + -1).
2, 3, 7, 19
Let v be (-24 - (4 + -9))*(-2 - 1). Suppose 5*x - 147 = -v. List the prime factors of x.
2, 3
Let k(u) = u**3 + u + 268. Let a = 2 - 2. Let b be k(a). Suppose -77 = -5*q + b. What are the prime factors of q?
3, 23
What are the prime factors of ((-55836)/(-10) + 16/40)/2?
2, 349
Suppose -2*a - 3*a = 20. Let s be (-2)/a*(4 + 4). Suppose -3*u + s*k + 229 = 0, 5*u - 3*k = -0*u + 389. What are the prime factors of u?
79
Let r(k) = 2*k + 4. Let d be r(7). Suppose -x = 4*w + d - 7, -4*x = 2*w - 12. Let u = 8 + w. What are the prime factors of u?
2
Let o be 12 + -3 + 9/((-27)/12). Suppose o*i = r - 0*r + 1140, -912 = -4*i + 2*r. List the prime factors of i.
2, 3, 19
Let w = -143 - -1025. List the prime factors of w.
2, 3, 7
Suppose 4*a - 3095 = 201. List the prime factors of a.
2, 103
Suppose -5*w + 9 = -1. Suppose -54 = -o + w*h, 3*o = 2*o - 2*h + 70. What are the prime factors of o?
2, 31
Let w(a) = -115*a - 1. Let d be w(-1). Let u = d - 110. List the prime factors of u.
2
Let h(m) = m**2 + 6*m + 69. What are the prime factors of h(0)?
3, 23
Suppose 6*f - 13 = -3*y + 2*f, -4*y - f = 0. Let o be (2 - 3)*(y - -2). List the prime factors of (o - -2)*(-25)/(-5).
5
Let h = -948 - -2081. What are the prime factors of h?
11, 103
Let w be 3/((-36)/(-160))*138/5. Suppose -17*c = -15*c - w. What are the prime factors of c?
2, 23
What are the prime factors of (-9 + -1)*(-12 + (-7 - 387))?
2, 5, 7, 29
Let y(r) = -49*r + 1038. List the prime factors of y(0).
2, 3, 173
Suppose -9 = 9*o - 10*o. Let l(p) = 2*p**2 - 3*p - 23. List the prime factors of l(o).
2, 7
Let x = 48 + -41. Let m = x + 10. List the prime factors of m.
17
Suppose -3*v + 2 - 14 = 0. Let r be -24*v/(-24)*-2. Let b = r + 12. List the prime factors of b.
2, 5
Let a(w) = 5*w + 3. Let v be a(-5). Let r = v - -42. Suppose -4*k = -8*k + r. List the prime factors of k.
5
Let w(b) = -1061*b + 259. What are the prime factors of w(-4)?
3, 19, 79
Suppose 30 = 13*y - 10*y. What are the prime factors of 1 + (-18)/30 + 1156/y?
2, 29
Let o be 35976/(-18)*9/(-6). Suppose 886 = -16*t + o. What are the prime factors of t?
2, 3, 11
Suppose 0*v = 4*v - 5*i + 17, 4*i = 4*v + 12. Let l(a) = -5*a + 5 + 5*a**v + 4*a - a**3 - 4 - 2*a**2. List the prime factors of l(2).
3
Suppose -3*z + 2*f + f + 15 = 0, 4*z = -5*f + 29. What are the prime factors of 8/z + (-2758)/(-42)?
67
Let z be 2 - 0/((-20)/(-5)). Let f = -4 + 8. Suppose h + f = z*h. What are the prime factors of h?
2
Suppose -9277 = -32*d + 1955. List the prime factors of d.
3, 13
Let y(t) = 3*t - 12. Let d(v) = -4*v + 1. Let u be d(-1). Suppose -1 = a, 2*b - 7 = u*a + 22. List the prime factors of y(b).
2, 3
Let l = 100 + -53. Let k(z) = -z - 43. Let y be k(-19). Let q = y + l. What are the prime factors of q?
23
Let a(t) = 9*t - 38. Let k be a(2). Let u(i) = i**3 + 7*i**2 + 9*i. Let g be u(-6). Let j = g - k. What are the prime factors of j?
2
Suppose -13 = -5*g + 4*l + 26, 36 = 4*g - 2*l. Suppose 4*s = 7 + 13, -3*s = -x - g. Suppose -4*h = -x*o + o + 32, 2*h + 14 = o. What are the prime factors of o?
2
Let z(k) = -k**3 - 5*k**2 - 6*k. Let h be z(-3). Suppose h = -0*j - 7*j + 14. Suppose 5*w - w = -j*r + 90, 0 = -5*w - 10. List the prime factors of r.
7
Suppose -2289 = -2*h - h - 3*x, -2*h + 1511 = 5*x. List the prime factors of h.
2, 3
Suppose 4*z = 5*p + 3336 - 12148, -5*p + z = -8818. List the prime factors of p.
2, 3, 7
Let b(t) = -t**3 + 11*t**2 - 8*t - 20. Let r be b(10). Suppose -2*l + 3*l - 32 = r. List the prime factors of l.
2
What are the prime factors of (-172)/56 - 1/(-14) - -2820?
3, 313
Let w be (0 + (-74 - -1))*-4*1. Suppose -4*l - i = -w, 4*i - 300 = -4*l + i. What are the prime factors of l?
2, 3
Suppose 4*f = -8, -4*j + 2*f = -7 - 9. Let i be 0 + 8 + -4 + 1. Suppose 0 = i*w + 4*b - 129, -b + j*b = w - 23. List the prime factors of w.
5
Let d(w) be the first derivative of w**4/2 - 3*w**3 - 2*w**2 - 7*w - 5. Let z be d(7). List the prime factors of z/25 + 2/(-5).
2
Suppose r = -3*r. Suppose -3*u + 35 + 22 = r. Suppose 16*j - u*j = -9. List the prime factors of j.
3
Suppose 4*s - 2034 + 142 = 0. What are the prime factors of s?
11, 43
Let k(n) = -75*n + 827. List the prime factors of k(0).
827
Let k(c) = 2*c + 3 - 4*c - c + 2*c. Let j be k(5). List the prime factors of (-5 + 7)/(j/(-15)).
3, 5
Suppose 0 = 2*l - 5*l + 9. Suppose -4*u + 7 = 5*o, 2*o + l*u = -u + 10. List the prime factors of 48/(-36)*o*21.
2, 7
Suppose 0 = -k - 3*h - 6, -22 = -3*k - h - 0*h. Suppose 0*u + k = 3*u. Suppose -p - u*i + 7 = -0, 0 = 4*p + 5*i - 21. List the prime factors of p.
2
Let l = 53 + -17. Let h = -13 - -11. What are the prime factors of l*6*h/(-16)?
3
Let b = -373 + 524. Suppose -2*v + 225 = -3*a, 3*v = a + b + 190. List the prime factors of v.
2, 3, 19
Suppose -4*h + 11*h = 21. Suppose -153 = h*g - 6*g - 3*y, y + 57 = g. What are the prime factors of g?
2, 3
Suppose 4*k - 4 - 4 = 0. Suppose -2*q + 5*d = 9 - 61, 0 = -k*q + 3*d + 52. What are the prime factors of q?
2, 13
Suppose 4*z - 4*n - 76 = -0*z, 107 = 5*z + n. Suppose 3 = -2*r - 5*g, 3*r - r - 5*g = 7. List the prime factors of ((-154)/z)/(r/(-3)).
2, 11
Let p be (1/3)/(2/30). Suppose -3 = -a, p*r + a - 120 - 88 = 0. List the prime factors of r.
41
Let p(v) = 413*v + 28. List the prime factors of p(7).
3, 7, 139
List the prime factors of ((-918)/21)/(21/(-98)).
2, 3, 17
Let x(h) = 9*h**3 + h. Suppose 5*u - 2*u - 15 = 0. Suppose -5*c + u = -0. What are the prime factors of x(c)?
2, 5
Let r = -28 + 11. Let j = r - -50. What are the prime factors of j?
3, 11
Let r be (-2 + 1)/((-11)/55). Suppose r*d = 44 + 71. What are the prime factors of d?
23
List the prime factors of (-23296)/12*324/(-126).
2, 3, 13
Suppose -272 - 188 = -5*i. What are the prime factors of i?
2, 23
Let z = 283 + 280. What are the prime factors of z?
563
Let m(u) be the third derivative of -u**5/60 - 5*u**4/8 - 10*u**3/3 + 9*u**2. What are the prime factors of m(-8)?
2, 3
Let c(y) = 4*y**2 + 9*y + 2*y**2 - 7*y**2 + 7. Let r be c(8). Suppose 4*k - 55 + r = 0. What are the prime factors of k?
2, 5
Suppose 2*x + 2*m = -24, 0 = -2*x + m - 10 - 8. List the prime factors of (-238)/3*15/x.
7, 17
Suppose 0 = 23*c + 6082 - 44170. What are the prime factors of c?
2, 3, 23
List the prime factors of ((-6)/(-24) - -1)*652.
5, 163
Let g(o) = -161*o - 16. Let f be g(3). Let v = f - -698. What are the prime factors of v?
199
Let q = 1 + -5. Let w be 23/7 - q/(-14). Suppose -s - 18 